 the prime factors of 810548913.
3, 2113, 127867
List the prime factors of 49059902.
2, 389, 63059
List the prime factors of 6168466329.
3, 2056155443
List the prime factors of 1040641657.
11, 283, 334289
What are the prime factors of 384077497?
384077497
What are the prime factors of 10708891?
1741, 6151
What are the prime factors of 7942675645?
5, 113, 1609, 8737
What are the prime factors of 77549922?
2, 3, 4308329
List the prime factors of 30293990.
2, 5, 23, 131713
What are the prime factors of 52524325?
5, 7, 53, 809
What are the prime factors of 235946549?
31, 7611179
What are the prime factors of 301979259?
3, 23, 71, 761
List the prime factors of 228873536.
2, 149, 24001
List the prime factors of 888069070.
2, 5, 7, 359, 35339
What are the prime factors of 105040082?
2, 7, 7502863
List the prime factors of 143595090.
2, 3, 5, 17, 127, 739
What are the prime factors of 106059708?
2, 3, 311, 9473
List the prime factors of 562736078.
2, 23, 12233393
What are the prime factors of 171999606?
2, 3, 37, 774773
List the prime factors of 31764540.
2, 3, 5, 631, 839
List the prime factors of 36905226.
2, 3, 29, 212099
What are the prime factors of 1723250362?
2, 7603, 113327
List the prime factors of 107870799.
3, 37, 353, 2753
What are the prime factors of 51429759?
3, 199, 277, 311
What are the prime factors of 136821855?
3, 5, 29, 151, 2083
List the prime factors of 1576130232.
2, 3, 2897, 22669
List the prime factors of 3737953505.
5, 11, 13, 19, 275153
List the prime factors of 590799763.
15373, 38431
List the prime factors of 383414065.
5, 76682813
What are the prime factors of 1630751378?
2, 151, 5399839
What are the prime factors of 446575810?
2, 5, 19, 2350399
What are the prime factors of 4408353016?
2, 31, 53, 349
What are the prime factors of 273274815?
3, 5, 11, 19, 61, 1429
List the prime factors of 519079234.
2, 173, 1500229
List the prime factors of 1558409259.
3, 11, 163, 289721
List the prime factors of 493259828.
2, 17, 463, 15667
List the prime factors of 133835894.
2, 66917947
What are the prime factors of 195286283?
59, 251, 13187
What are the prime factors of 16735575?
3, 5, 227, 983
What are the prime factors of 80731083?
3, 26910361
What are the prime factors of 19788974?
2, 31, 47, 6791
List the prime factors of 3741644963.
7, 2591, 206299
What are the prime factors of 269175470?
2, 5, 19, 1416713
What are the prime factors of 3496452905?
5, 11, 47, 122963
What are the prime factors of 2135726432?
2, 7, 37, 257689
What are the prime factors of 2413008516?
2, 3, 10321, 19483
What are the prime factors of 488842552?
2, 11, 23, 10501
List the prime factors of 46784839.
46784839
What are the prime factors of 89483595?
3, 5, 5965573
List the prime factors of 1360619.
13, 83, 97
What are the prime factors of 1473155883?
3, 54561329
List the prime factors of 141279571.
17, 59, 79, 1783
List the prime factors of 208328296.
2, 11, 23, 102929
List the prime factors of 560262996.
2, 3, 43, 361927
List the prime factors of 2792288130.
2, 3, 5, 93076271
List the prime factors of 89945130.
2, 3, 5, 11, 17, 16033
List the prime factors of 781323387.
3, 13, 20033933
List the prime factors of 453002012.
2, 2953, 38351
What are the prime factors of 59635379?
37, 73, 22079
List the prime factors of 15891044.
2, 13, 305597
What are the prime factors of 3622817609?
19, 190674611
What are the prime factors of 10363012?
2, 11, 235523
List the prime factors of 788970388.
2, 37, 47, 101, 1123
List the prime factors of 4075393804.
2, 1018848451
List the prime factors of 2120308147.
31, 7489, 9133
List the prime factors of 1923021985.
5, 384604397
List the prime factors of 272385780.
2, 3, 5, 23, 197381
List the prime factors of 5585811168.
2, 3, 7, 8312219
What are the prime factors of 364365301?
17, 53, 79, 5119
List the prime factors of 168027963.
3, 19, 41, 71899
What are the prime factors of 4376808445?
5, 875361689
List the prime factors of 164153861.
9887, 16603
List the prime factors of 382640026.
2, 191320013
List the prime factors of 67575303.
3, 127, 6569
What are the prime factors of 130625620?
2, 5, 17, 384193
What are the prime factors of 128258394?
2, 3, 11, 47, 173, 239
What are the prime factors of 4132040206?
2, 7, 23, 12832423
List the prime factors of 327674254.
2, 163837127
What are the prime factors of 432453732?
2, 3, 41, 151, 5821
List the prime factors of 995960611.
995960611
List the prime factors of 1366923418.
2, 7, 97, 331, 3041
List the prime factors of 270251053.
101, 2675753
What are the prime factors of 90147158?
2, 17, 2651387
What are the prime factors of 208254029?
17, 23, 532619
List the prime factors of 1296943648.
2, 7, 11, 13, 19, 2131
List the prime factors of 23395750.
2, 5, 7, 29, 461
List the prime factors of 22772350.
2, 5, 17, 73, 367
List the prime factors of 1958881958.
2, 11, 613, 145253
List the prime factors of 1318171635.
3, 5, 11, 47, 56659
List the prime factors of 114204210.
2, 3, 5, 71, 53617
What are the prime factors of 6061191632?
2, 29, 113, 115601
List the prime factors of 145016506.
2, 71, 1021243
List the prime factors of 607263657.
3, 7, 11, 13, 202219
What are the prime factors of 2053686486?
2, 3, 257, 1019, 1307
List the prime factors of 410619598.
2, 17, 23, 73, 7193
List the prime factors of 20368897.
20368897
What are the prime factors of 386053714?
2, 17, 101, 389
What are the prime factors of 3573342?
2, 3, 66173
List the prime factors of 79049146.
2, 11, 67, 53629
List the prime factors of 652190900.
2, 5, 6521909
What are the prime factors of 1250714386?
2, 701, 892093
What are the prime factors of 4357954528?
2, 10861, 12539
List the prime factors of 58736920.
2, 5, 11, 133493
List the prime factors of 5334871892.
2, 7, 263, 724453
List the prime factors of 752391660.
2, 3, 5, 29, 181, 2389
What are the prime factors of 125881451?
101, 1246351
List the prime factors of 45095493.
3, 19, 29, 27281
What are the prime factors of 40635284?
2, 2207, 4603
What are the prime factors of 257030934?
2, 3, 23, 37, 71, 709
What are the prime factors of 316224259?
13, 17, 1430879
List the prime factors of 34606380.
2, 3, 5, 73, 7901
List the prime factors of 575021731.
575021731
List the prime factors of 88817895.
3, 5, 1973731
What are the prime factors of 24457019?
1019, 24001
What are the prime factors of 82144325?
5, 191, 17203
What are the prime factors of 854827804?
2, 3389, 63059
What are the prime factors of 249841684?
2, 62460421
List the prime factors of 36216823.
36216823
What are the prime factors of 530540379?
3, 23, 79, 32443
What are the prime factors of 589211541?
3, 65467949
List the prime factors of 1267500265.
5, 253500053
What are the prime factors of 484425249?
3, 7, 11, 857, 2447
List the prime factors of 2078789680.
2, 5, 11, 23, 9337
List the prime factors of 1349776787.
103, 823, 15923
What are the prime factors of 425553733?
11, 3516973
What are the prime factors of 182142572?
2, 1447, 31469
List the prime factors of 5017892850.
2, 3, 5, 11150873
What are the prime factors of 1740239507?
19, 91591553
List the prime factors of 705716445.
3, 5, 7, 6721109
List the prime factors of 3104022849.
3, 1034674283
List the prime factors of 58453965.
3, 5, 53, 24509
List the prime factors of 6146443298.
2, 223, 13781263
What are the prime factors of 7225244766?
2, 3, 17, 389, 20233
What are the prime factors of 105884102?
2, 52942051
List the prime factors of 677251494.
2, 3, 3583, 10501
List the prime factors of 651106.
2, 43, 67, 113
List the prime factors of 326677491.
3, 7, 17, 305021
What are the prime factors of 891794163?
3, 13, 22866517
What are the prime factors of 220757757?
3, 11, 6689629
What are the prime factors of 254658761?
7, 36379823
List the prime factors of 3905275393.
101, 38666093
What are the prime factors of 1229471681?
197, 6240973
List the prime factors of 308823154.
2, 797, 193741
List the prime factors of 2643930701.
2643930701
What are the prime factors of 29393040?
2, 3, 5, 122471
What are the prime factors of 477091585?
5, 95418317
What are the prime factors of 821236486?
2, 7, 58659749
What are the prime factors of 434316977?
41, 10593097
What are the prime factors of 26040351?
3, 61, 142297
What are the prime factors of 2429461157?
3